culate the highest common divisor of 1344 and 23222208.
192
Calculate the highest common factor of 17 and 7424189.
17
Calculate the greatest common factor of 28261715 and 7.
1
What is the greatest common divisor of 9604728 and 420?
84
Calculate the highest common factor of 1866774 and 702.
78
Calculate the greatest common factor of 27960 and 7104.
24
What is the highest common divisor of 1210 and 230924870?
1210
Calculate the greatest common divisor of 16242050 and 11.
11
What is the greatest common divisor of 2075666 and 461414?
1394
What is the greatest common divisor of 31845 and 128535?
165
Calculate the highest common divisor of 870 and 6565194.
174
Calculate the greatest common divisor of 5142882 and 95.
19
What is the highest common factor of 13396 and 7004?
68
Calculate the highest common factor of 25158 and 4830.
42
What is the greatest common divisor of 757900 and 22750?
650
Calculate the highest common factor of 7366416 and 348.
12
What is the highest common divisor of 16100232 and 4128?
1032
What is the highest common divisor of 22272563 and 23825?
953
Calculate the greatest common divisor of 3991385 and 9035.
695
Calculate the highest common divisor of 492 and 244399278.
246
Calculate the highest common factor of 711 and 1008621.
9
What is the greatest common divisor of 20854660 and 360?
20
Calculate the greatest common factor of 35260564 and 736.
92
What is the greatest common factor of 6709375 and 2500?
625
What is the greatest common divisor of 893600 and 900?
100
Calculate the greatest common factor of 130941536 and 176.
176
Calculate the greatest common divisor of 2664 and 1246566852.
1332
Calculate the greatest common divisor of 25813546 and 22.
22
Calculate the highest common divisor of 7860 and 256925715.
1965
Calculate the greatest common divisor of 9138166 and 4026.
122
Calculate the highest common divisor of 3464773 and 65.
13
Calculate the highest common divisor of 139490 and 453830.
130
Calculate the greatest common divisor of 4072 and 281109502.
1018
What is the highest common divisor of 25828 and 19444962?
1174
What is the greatest common factor of 13651170 and 1972?
986
Calculate the highest common divisor of 4496 and 1994819.
281
Calculate the greatest common factor of 379562595 and 240.
15
Calculate the highest common factor of 41095 and 2415.
5
Calculate the highest common divisor of 109218 and 14070.
6
Calculate the highest common factor of 964 and 150267115.
241
What is the greatest common divisor of 73660368 and 96?
48
What is the highest common factor of 1134027 and 24347?
97
Calculate the greatest common divisor of 6 and 1404264.
6
Calculate the highest common divisor of 1139609 and 4183.
47
Calculate the greatest common divisor of 1057787 and 10849.
19
Calculate the highest common factor of 6939108 and 1539.
81
What is the highest common divisor of 1343123 and 47024?
2939
What is the greatest common divisor of 225 and 39134925?
225
Calculate the highest common divisor of 100362874 and 4090.
818
What is the greatest common factor of 82476413 and 46?
23
Calculate the highest common divisor of 33425 and 1691200.
175
What is the highest common divisor of 5190 and 112152?
6
What is the highest common factor of 79344 and 1919568?
1392
Calculate the highest common factor of 1448 and 372694204.
724
What is the greatest common factor of 71640 and 66870?
90
What is the greatest common factor of 112 and 30231131?
7
Calculate the highest common divisor of 246 and 31134375.
123
Calculate the greatest common factor of 12026002 and 5792.
362
Calculate the highest common factor of 873 and 13730447.
97
Calculate the greatest common divisor of 6371760 and 23630.
1390
Calculate the highest common divisor of 3814230 and 166173.
861
Calculate the highest common divisor of 17132148 and 1631988.
7452
Calculate the highest common divisor of 1341271 and 848.
53
Calculate the highest common divisor of 17793 and 278098.
659
What is the highest common factor of 3928 and 330662968?
3928
What is the greatest common divisor of 4232536 and 2?
2
Calculate the greatest common divisor of 248188220 and 20.
20
What is the greatest common factor of 2136 and 388848?
24
What is the greatest common divisor of 918980892 and 1398?
1398
Calculate the greatest common divisor of 534000 and 65400.
600
Calculate the greatest common factor of 1907385 and 21715.
505
Calculate the greatest common factor of 5326 and 1303703606.
5326
What is the highest common divisor of 238 and 1139670?
14
What is the highest common divisor of 2128 and 49867286?
266
Calculate the greatest common divisor of 152 and 322148.
4
What is the highest common divisor of 46678752 and 288?
288
Calculate the highest common factor of 1617 and 1592184.
33
Calculate the highest common factor of 10 and 1557599.
1
What is the greatest common factor of 2464 and 555962?
22
What is the greatest common divisor of 48500 and 503915?
485
Calculate the highest common divisor of 5021929 and 77.
11
Calculate the greatest common divisor of 364826890 and 1370.
1370
What is the greatest common divisor of 7490799 and 2241?
27
Calculate the greatest common factor of 24679 and 4996961.
1073
What is the highest common factor of 1214707 and 46163?
689
What is the highest common divisor of 2749140 and 1215?
405
What is the highest common factor of 285 and 42639705?
285
What is the highest common divisor of 153860 and 9114?
98
What is the greatest common divisor of 22088 and 5319820?
44
Calculate the highest common factor of 1971298 and 1498.
14
What is the highest common divisor of 1228070 and 165710?
2270
What is the greatest common factor of 44314490 and 15?
5
What is the greatest common factor of 2874 and 755862?
2874
What is the greatest common factor of 39368198 and 22524?
3754
What is the greatest common divisor of 118763 and 1529205?
1051
What is the highest common divisor of 1840725 and 72922?
101
Calculate the greatest common divisor of 146916081 and 26.
13
What is the highest common factor of 26705393 and 5434?
2717
Calculate the highest common factor of 710 and 9057470.
710
Calculate the highest common factor of 35 and 3225355.
35
What is the greatest common factor of 339136 and 35?
7
What is the highest common factor of 15 and 44525805?
15
Calculate the greatest common factor of 1487594 and 3358.
3358
Calculate the greatest common divisor of 71142 and 173346.
1002
Calculate the greatest common divisor of 20 and 16168380.
20
Calculate the highest common divisor of 3255830 and 281329.
3161
What is the greatest common factor of 55378076 and 1649?
97
Calculate the highest common divisor of 520 and 15758210.
130
Calculate the greatest common factor of 1383 and 25310283.
1383
What is the highest common divisor of 187406781 and 53?
53
Calculate the greatest common divisor of 2472327 and 3927.
561
Calculate the highest common divisor of 18193 and 835296.
791
Calculate the greatest common factor of 297685486 and 98.
98
What is the greatest common factor of 14006802 and 339?
339
Calculate the highest common divisor of 179814261 and 4257.
1419
Calculate the highest common divisor of 2786043295 and 35.
35
Calculate the greatest common factor of 1376488 and 8739756.
9428
What is the highest common factor of 9823064 and 1317?
439
Calculate the highest common factor of 1152 and 3497436.
36
What is the greatest common divisor of 1279376553 and 2037?
2037
Calculate the greatest common divisor of 16 and 35215648.
16
Calculate the greatest common divisor of 45900438 and 318.
318
Calculate the highest common factor of 542151 and 14337.
531
What is the highest common factor of 200 and 97965950?
50
What is the greatest common divisor of 31960378 and 19314?
2146
Calculate the greatest common divisor of 287432544 and 756.
84
Calculate the greatest common factor of 19112298 and 776.
194
Calculate the highest common divisor of 16782 and 1638.
6
What is the highest common divisor of 2016 and 3931286688?
2016
Calculate the highest common factor of 150 and 8628030.
30
What is the highest common divisor of 300 and 829992?
12
What is the highest common factor of 1523322765 and 60?
15
Calculate the greatest common factor of 9630 and 20652284.
214
What is the highest common divisor of 1178 and 2433796298?
1178
What is the hi